te m(h).
-5
Let c(v) be the second derivative of -1/24*v**4 + 0 - 3*v + 1/60*v**5 - 3/2*v**2 - 1/2*v**3. Let a(s) be the first derivative of c(s). What is a(0)?
-3
Let k(v) = 1 + 22*v + 3 - v**3 + 1 + 8*v**2 - 13*v. What is k(9)?
5
Let k(l) = l**3 - 11*l**2 + 4. Let v be k(11). Let c(z) = -2*z + 1. Calculate c(v).
-7
Let z(x) = x**2 - 10*x + 8. Let s(f) = 2*f**2 - 21*f + 16. Let h(d) = -2*s(d) + 5*z(d). Calculate h(7).
1
Let s(m) be the first derivative of -m**4/24 + 5*m**3/6 + 2*m**2 - 1. Let i(t) be the second derivative of s(t). Determine i(-6).
11
Let q = 1 - -2. Let c(s) = q*s**2 - 3*s**2 + s**2 + 3*s. Let n(u) = 2*u**3 - u**2. Let t be n(-1). Calculate c(t).
0
Let f(q) = -3*q. Let r be 2/10 + 14/5. Let b = -37 - -43. Suppose -b = 5*u - r*u. What is f(u)?
9
Let n(o) = 4 + 4*o - 5 - 5*o**2 + 2 + o**3. Let i be 1 + -2 + (-3)/1. Let w = 7 + i. Determine n(w).
-5
Let y(h) = -8*h**2 - 3 + h**3 - 6*h**2 + 18*h**2 - 8*h**2. Determine y(3).
-12
Let u(a) be the first derivative of -3*a**2/2 - 2*a + 16. Calculate u(-3).
7
Suppose -4*y - 3*p + 2*p + 3 = 0, -3*y - 5*p + 15 = 0. Let l(v) = -v + 4. Let k(r) = -r + 5. Let q(m) = -7*k(m) + 6*l(m). What is q(y)?
-11
Suppose 7 = -4*d - 9. Let k(a) be the second derivative of a**4/12 + a**3/3 + a**2 + 46*a. Calculate k(d).
10
Let q(u) = -u**3 - 3*u**2 + 2*u - 3. Suppose -3*m + 4*h = 9*h + 15, -37 = 4*m + h. Let y = 6 + m. Give q(y).
5
Suppose -48 = -o - 5*o. Let r(b) = b**3 - 9*b**2 + 7*b + 7. Let w be r(o). Let m(f) be the second derivative of f**5/20 + f**3/6 + 2*f. Calculate m(w).
-2
Let w(z) = z**2 - 5*z - 1. Suppose 3 = 3*f - 9. Suppose -2*b - 3 = -0*r + r, 4*r + f*b = 0. Calculate w(r).
-7
Let p(v) = 3*v - 44. Let k be p(13). Let b(s) = -s**2 - 2*s + 3. Calculate b(k).
-12
Let t(s) = -s**2 + 5*s + 5. Let a(y) = 3*y + 3*y**2 - 2*y - y**3 + 2*y**3 + y**2. Let d be a(-2). Give t(d).
-1
Let u(y) = -y**2 - 5*y - 5. Let l be (-156)/30 - (36/20 - 1). Calculate u(l).
-11
Let c = 12 + -17. Let g(u) be the third derivative of u**6/120 + u**5/15 - u**4/4 - 5*u**3/6 - 2*u**2. Calculate g(c).
0
Suppose -5*u + 3*y - y = -18, 5*y + 20 = 0. Suppose 2*n = u - 0. Let t(m) = m**2 - m. Calculate t(n).
0
Let x(v) = 4*v**3 - 11 - v + v**2 + 19 - 5*v**3. Let w be (3/1)/(-1) - -3. Give x(w).
8
Let c(y) be the first derivative of y**6/120 - y**5/15 + y**4/12 - y**3/3 + y**2/2 - 2. Let v(z) be the second derivative of c(z). Give v(4).
6
Let y(c) = 2*c**3 - 6*c**2 + 7. Let x(t) = 3*t**3 - 11*t**2 + t + 13. Let q(n) = -3*x(n) + 5*y(n). Determine q(-4).
-8
Let g(q) = q + 5. Let n = -5 + -2. Determine g(n).
-2
Let g(r) = -r**3 + 9*r**2 - 11*r + 11. Let k = -24 + 32. Give g(k).
-13
Let m(f) = -f - 2. Let a = -37 + 35. Calculate m(a).
0
Let b = 0 + 2. Let v(j) = 3 - 1 + 11*j**2 - 4*j - 8*j**2. Determine v(b).
6
Let b(o) = -18*o**2 - 2*o + 0*o**3 - o + 19*o**2 + 3 + o**3. Determine b(-3).
-6
Let q(f) be the second derivative of -f**3/3 - f**2 + 15*f. Determine q(6).
-14
Let h(y) = -3*y - 4. Let w be (6/(-4))/(6/(-16)). Suppose -q - 3*q = -16. Let n be (6/w)/(q/(-8)). Give h(n).
5
Let p(t) be the second derivative of -3*t - 1/20*t**5 - 5/12*t**4 + 0 + 5/6*t**3 - 1/2*t**2. Let j(v) = v**2 - 9*v + 8. Let l be j(7). Give p(l).
5
Let j(k) = -6*k + 3. Let z = -71 + 41. Let m be z/(-4) - (-3)/6. Let a = m - 6. Give j(a).
-9
Let f(y) = 3*y + 1. Let l(n) = n. Let p(s) = f(s) + 5*l(s). Suppose 0 = -61*o + 66*o - 5. What is p(o)?
9
Let b(y) = y**2 - 4*y. Let v be b(10). Let x be v/(-33) - 6/33. Let s(f) = -5*f + 2. Give s(x).
12
Let m(o) = -o**2 + 3*o - 1. Suppose 20 = w + 4*w. What is m(w)?
-5
Let r(x) = -3*x + 4. Suppose 0 = 5*j + 16 + 4. What is r(j)?
16
Let v(m) = 6*m**3 - m. Suppose 3*q + r + 1 = 0, -4*r + 18 = 2*q - 8*r. Suppose -4*k + 3 + 3 = g, k - 3 = -g. Let h be ((0 - 0) + k)/q. Give v(h).
5
Let h be (-255)/(-350) - (-3)/(-7). Let a(z) be the second derivative of 2*z - 1/12*z**4 - h*z**5 + 1/6*z**3 + 0 + 0*z**2. Give a(1).
-6
Let s = -11 + 15. Let j(x) = -3*x**2 - 20*x**3 + 5 + 19*x**3 - 2 + 10*x. Let c(a) = -a**3 - 4*a**2 + 11*a + 3. Let f(o) = 5*c(o) - 6*j(o). What is f(s)?
9
Let u(g) be the third derivative of -g**4/24 - 3*g**3/2 - 12*g**2. Give u(-6).
-3
Suppose 0 = -0*r + 3*r - 3. Let v(w) = 0 + w - r + 3*w + 2*w**2 + 0*w. Give v(-3).
5
Let g(o) = 2*o**3 + 4*o**2 + 2*o - 1. Let x be g(-2). Let m(d) = 11 - 93*d + 94*d - 8. Give m(x).
-2
Let u(h) = -3*h + 6. Let i(d) = -d**3 - 4*d**2 - d + 6. Let p be i(-5). Suppose -p = -5*b + 4*c, -17 = 4*c - 1. Determine u(b).
-6
Let u(r) = r**2 - 8*r - 5. Let f(g) = 7*g - 40. Let h be f(7). Determine u(h).
4
Let w(h) = h**2 - 3*h - 4. Let y be w(5). Suppose 5 = -y*v + v. Let o = v + 2. Let p(x) = -5*x + 1. What is p(o)?
-4
Suppose 25 = -5*q - 5*m, -m - 3 = -q - 4. Let k(s) = s**3 + 4*s**2 + 2*s + 2. Give k(q).
5
Suppose -3*b - r = 2 - 1, 0 = 2*b - 4*r - 18. Let z(c) be the third derivative of -c**4/6 - c**3/6 - 4*c**2. Determine z(b).
-5
Suppose 0 = 4*t - 6*t. Suppose 3*j = 2*j + 4. Suppose t = j*r - r. Let i(p) = p**3 - p**2 + p + 3. Give i(r).
3
Let w(s) = 6*s - 5. Let d(c) = 5*c - 4. Let b(v) = -5*d(v) + 4*w(v). What is b(-5)?
5
Let j(s) = -2 + 0*s + 4*s - 5*s. Let z = -15 - -17. Suppose z*q + 5*k - 1 = 0, 2*q - 4*k = q + 7. Give j(q).
-5
Let o(p) = 2*p - 1. Let w = 63 + -67. Determine o(w).
-9
Let u(a) = a**2 + 5*a - 1. Let d be u(-4). Let l(j) = 10*j**2 + 9*j - 6. Let o(r) = -7*r**2 - 6*r + 4. Let v(z) = -5*l(z) - 7*o(z). Calculate v(d).
-8
Let d = -1 + 1. Let s(i) = 3*i**3 - i + d*i - 2*i**3 - 2 + i**2 - 3*i**2. Calculate s(3).
4
Suppose -7 + 6 = -s. Let t(f) = -3*f**3 - 3*f**2 + 3*f - 4. Let x(l) = -l**3 + l**2 - l + 1. Let r(p) = -t(p) - 4*x(p). Give r(s).
7
Let x(j) be the second derivative of j**4/12 - j**3/2 - j**2 - j. Suppose 3 = 3*s - b + 2*b, 0 = -4*b - 12. What is x(s)?
-4
Let m be -3 - (-2 + 0 + 6). Let k(c) = -c**2 - 8*c - 7. Let t be k(m). Let d(s) = -s**2 - 1. Give d(t).
-1
Let f(m) = -3*m**3 + 2*m**2 + 2*m + 1. Suppose 3 + 7 = 5*h. Suppose 0 = p - 3 - 1. Suppose -24 = p*v + 5*o, 0*o - 6 = -2*v + h*o. Give f(v).
4
Let r(u) = u**2 + 3*u - 4. Let h be r(-4). Let g(z) be the third derivative of 0*z + 2*z**2 + 1/3*z**3 + 0 - 1/24*z**4. Determine g(h).
2
Let r be 9/2*2/3. Suppose -10 - 11 = -r*q. Suppose -q*b + 3*b + 16 = 0. Let d(p) = p - 8. Give d(b).
-4
Let v(z) be the first derivative of -z**3/3 + 3*z**2/2 + 8*z + 12. What is v(6)?
-10
Let z(d) = 2*d - 5 - 3 - 2 + 0*d. Let c be z(7). Let w(u) = -u**2 + u + 1. Let v(m) = -m**3 + 7*m**2 + m - 10. Let x(l) = -v(l) - 4*w(l). Determine x(c).
2
Let t = -4 - -8. Suppose -c - 3*z = -6*c - 2, t*c - 28 = -5*z. Let v(n) = -5*n + 3. Determine v(c).
-7
Let n(d) = -1. Let v(i) = i**2 + 6*i + 2*i + 0 + 6 - 5*i. Let g(f) = 4*n(f) + v(f). Determine g(-2).
0
Suppose -13 = w - 2*f, -4*w - 4*f + 29 = -7*w. Let m(r) = 2*r + 2. What is m(w)?
-4
Let p(a) be the second derivative of -a**3/6 + 7*a**2/2 + 2*a. Give p(3).
4
Let z(i) = -i**2 + 1. Let p(m) = m**3 - 11*m**2 + 11. Let o(h) = p(h) - 4*z(h). What is o(7)?
7
Let q(b) = b. Let a be q(0). Suppose h = -5*r - 28, 3*h - h + 6 = a. Let x(k) = k + 1. What is x(r)?
-4
Let n(j) be the third derivative of -2*j**2 + 0*j + 5/24*j**4 + 0 + 0*j**3. What is n(-1)?
-5
Let i(h) = 5*h**2 + h - 3. Let d(g) = 3*g**2 + g - 2. Let n be ((-1)/(-1))/(4/(-20)). Let u(p) = n*i(p) + 8*d(p). Calculate u(1).
1
Let l(c) = -c**3 - 1. Let j(v) = 4*v**3 + 4*v**2 + 4*v + 2. Let o(s) = -j(s) - 3*l(s). Give o(-3).
4
Let a(z) be the third derivative of 0 + 1/24*z**4 + 3*z**2 + 0*z + 1/30*z**5 + 0*z**3 + 1/120*z**6. Give a(-1).
0
Let n(a) be the second derivative of -a**6/24 - 3*a**2/2 - a. Let x(k) be the first derivative of n(k). What is x(-1)?
5
Let w(k) = -5*k + 5. Let x(i) = 2*i + 1. Let l(u) = -w(u) - 3*x(u). Let m(y) = y**3 - y - 6. Let p be m(0). Calculate l(p).
-2
Let f(p) = p**3 + p**2 + p - 1. Let n(a) = 3*a**3 + 6*a**2 + 2*a - 5. Let b(k) = 2*f(k) - n(k). Let o = -5 + 1. What is b(o)?
3
Let y(p) = 243*p**2 + 7*p - 3*p - 240*p**2 - 2*p + p**3. Give y(-3).
-6
Let w(i) = -i**2 - 2*i + 1. Let r be w(-2). Let l = 1 - r. Let a(o) = o. Let b(c) = 2*c - 5. Let n(f) = -3*a(f) + b(f). Give n(l).
-5
Let w(i) = -10*i + 5. Let j(s) = -9*s + 4. Let c = 2 + 4. Let r(t) = c*w(t) - 7*j(t). Give r(-3).
-7
Let m(x) = x**2 - 3*x - 